hat is x(234)?
-8
Let d(t) = 4279*t + 7841. Give d(-2).
-717
Let v(b) = 217035*b - 217032. Calculate v(1).
3
Let x(v) = 601*v + 10297. What is x(-14)?
1883
Let l(w) = -4*w**2 - 1922*w - 15176. Determine l(-8).
-56
Let x(i) = i**3 + 189*i**2 + 4238*i - 6. Determine x(-163).
-6
Let a(t) = 3569*t + 24097. Calculate a(-7).
-886
Let d(t) = 430*t - 389. Give d(1).
41
Let d(x) = 156*x + 19307. Calculate d(-122).
275
Let h(i) = -2*i**3 + 15*i**2 - 15*i + 28. What is h(8)?
-156
Let f(q) = 423*q + 3328. Give f(-8).
-56
Let b(r) = 1530*r**2 + 330*r + 334. What is b(-1)?
1534
Let y(p) = p**3 - 31*p**2 + 211*p - 74. What is y(22)?
212
Let w(x) = -663*x + 25832. Determine w(39).
-25
Let b(w) = 3417*w + 92073. Calculate b(-27).
-186
Let x(b) = 3*b**3 + 695*b**2 + 588*b + 29075. Determine x(-231).
-31
Let g(y) = -y**2 + 233*y + 69116. Calculate g(-171).
32
Let p(i) = i**3 + 34*i**2 - 7336*i + 4. Calculate p(0).
4
Let g(z) = -2902*z - 14515. What is g(-5)?
-5
Let i(y) = 3325*y + 49881. What is i(-15)?
6
Let h(n) = 1392*n - 9334. Give h(7).
410
Let f(g) = g**3 - 36*g**2 - 427*g - 1424. Give f(46).
94
Let s(k) = 48589*k - 728789. What is s(15)?
46
Let s(f) = 981*f + 11817. Calculate s(-12).
45
Let s(g) = 235*g**2 + 43945*g + 192. Give s(-187).
192
Let l(s) = -187*s**3 + 12*s**2 + 3123*s + 3111. Determine l(-1).
187
Let b(q) = -q**3 - 18*q**2 - 12027*q - 59817. Give b(-5).
-7
Let w(o) = 34*o**2 - 3679*o - 10547. Give w(111).
-2
Let r(i) = -4*i + 3152. Determine r(75).
2852
Let l(j) = -j**2 + 6145*j - 153035. What is l(25)?
-35
Let f(j) = 158213*j - 3797105. Give f(24).
7
Let s(m) = -m**3 - 251*m**2 - 178*m + 18024. What is s(-250)?
24
Let g(c) = -6*c**2 - 873*c - 868. Calculate g(-1).
-1
Let l(z) = -42*z - 125. Determine l(-6).
127
Let f(g) = g**2 - 503*g - 104437. Determine f(-158).
1
Let w(c) = -45*c**3 + 5314*c**2 - 500*c + 3332. Determine w(118).
28
Let t(o) = -74*o + 444. Determine t(11).
-370
Let w(a) = 1521*a - 48876. Calculate w(32).
-204
Let r(t) = 102*t**3 + 4*t**2 + 201*t + 198. What is r(-1)?
-101
Let f(g) = -139108*g + 10989523. Calculate f(79).
-9
Let a(c) = -2*c**2 + 42*c + 6718. What is a(-49)?
-142
Let t(a) = 8290*a + 190577. What is t(-23)?
-93
Let h(i) = -6*i**3 - 2457*i**2 - 6104*i + 358. Determine h(-407).
-49
Let t(d) = -d**2 + 3578*d + 75582. Calculate t(-21).
3
Let s(c) = -5772*c - 44816. Determine s(-8).
1360
Let m(n) = n**3 + 42*n**2 - 483*n - 5. Calculate m(0).
-5
Let b(k) = -3108*k - 3676769. What is b(-1183)?
-5
Let g(a) = -2*a**2 - 4878*a - 507994. Calculate g(-109).
-54
Let x(h) = -h**3 - 387*h**2 - 760*h + 3834. Calculate x(-385).
-16
Let f(u) = -2*u**2 - 1816*u - 165839. What is f(-103)?
-9
Let b(n) = -61497*n - 430489. Determine b(-7).
-10
Let a(s) = 23032*s + 15247183. Determine a(-662).
-1
Let s(j) = -j**3 + 48*j**2 + 7120*j - 3070. What is s(-64)?
2
Let i(v) = 2273*v + 169148. Determine i(-74).
946
Let u(a) = -202746*a**2 - 1621966*a + 35. Give u(-8).
19
Let n(a) = -7*a**2 - 494*a - 2438. Determine n(-65).
97
Let w(s) = -5*s**2 + 661*s + 190141. Determine w(272).
13
Let j(g) = g**3 - 11*g**2 - 100*g + 1065. Determine j(9).
3
Let z(x) = 5*x**2 - 556*x - 46589. Give z(167).
4
Let y(a) = -21474*a + 408049. Calculate y(19).
43
Let g(q) = 13*q**2 + 9478*q + 9468. What is g(-1)?
3
Let c(g) = -891*g + 8661. Give c(10).
-249
Let u(m) = 3903*m - 42965. Calculate u(11).
-32
Let y(x) = -6207*x - 391076. Give y(-63).
-35
Let w(g) = -13*g**3 + 3*g**2 - 2*g - 14. Calculate w(-5).
1696
Let l(q) = 2583*q**2 + 260887*q - 23. Determine l(-101).
-427
Let o(b) = 353290*b - 2473067. Determine o(7).
-37
Let f(n) = n**2 + 373*n + 8063. Calculate f(-350).
13
Let x(n) = 22725*n + 1704370. Determine x(-75).
-5
Let f(l) = -327*l - 6381. Give f(-24).
1467
Let f(b) = 20*b**3 - 1279*b**2 - 162*b + 6277. Calculate f(64).
5
Let v(l) = -22504*l + 112537. What is v(5)?
17
Let a(x) = -50*x**2 + 1783*x. What is a(36)?
-612
Let p(i) = 2*i**2 + 261*i + 7033. What is p(-35)?
348
Let g(z) = -z**3 - 9*z**2 + 23*z + 358. What is g(-8)?
110
Let r(f) = -9*f**2 - 343*f - 629. Determine r(-38).
-591
Let x(v) = 194*v + 1391. Determine x(-8).
-161
Let n(b) = -21*b**2 - 370*b - 3489. Calculate n(-10).
-1889
Let r(z) = 206*z**3 + 4*z**2 + 51*z - 124. Calculate r(2).
1642
Let m(b) = -5584*b - 379702. What is m(-68)?
10
Let r(d) = 3*d**2 - 318*d + 233. Calculate r(90).
-4087
Let h(a) = a**3 - 1476*a**2 + 29145*a - 36390. Give h(1456).
10
Let z(g) = -224*g - 44785. What is z(-197)?
-657
Let q(r) = r**3 - 146*r**2 - 538*r + 13402. What is q(149)?
-157
Let u(h) = -8*h**3 + 3231*h**2 + 440*h - 14538. Give u(404).
6
Let u(x) = -2*x**3 - 115*x**2 - 165*x + 137. Calculate u(-56).
-31
Let r(c) = -4*c**3 + 44*c**2 - 85*c + 995. What is r(11)?
60
Let t(h) = -3*h**2 + 439591*h + 2637664. Calculate t(-6).
10
Let y(x) = -30*x**2 + 2667*x + 432. Determine y(89).
165
Let y(k) = 144*k + 1694. Determine y(-3).
1262
Let h(a) = 2*a**3 - 25*a**2 + 887*a - 5167. Determine h(6).
-313
Let v(b) = -b**3 - 19*b**2 + 5197*b + 98768. Determine v(-19).
25
Let n(a) = -250*a - 10987. What is n(-42)?
-487
Let g(t) = -t**3 + 403*t**2 + 8031*t - 5481. Determine g(422).
5
Let f(j) = 1311*j - 919174. Give f(701).
-163
Let o(q) = q**3 + 10*q**2 + 182*q + 966. Calculate o(-7).
-161
Let c(s) = -4*s**3 + 132*s**2 - 125*s + 4038. Calculate c(33).
-87
Let w(h) = -6*h**3 - 141*h**2 + 20*h - 112. Calculate w(-24).
1136
Let c(s) = -s**3 - 81*s**2 - 509*s + 394. Give c(-74).
-272
Let k(d) = -6*d**2 + 1104*d - 38090. What is k(46)?
-2
Let u(p) = p**3 - 15*p**2 + 86*p - 2812. Determine u(21).
1640
Let q(g) = g**3 + 159*g**2 + 302*g - 1910. Calculate q(-157).
-26
Let u(q) = -6756*q - 668907. Calculate u(-99).
-63
Let u(r) = -600*r**2 - 58*r + 19. What is u(-1)?
-523
Let l(h) = 8*h**2 + 105*h - 406. Calculate l(4).
142
Let v(f) = f**2 - 31*f + 211. Give v(20).
-9
Let q(b) = -3016*b - 395077. What is q(-131)?
19
Let a(r) = 2*r**2 - 3347*r + 236722. Determine a(74).
-4
Let q(f) = 13979*f - 41983. Give q(3).
-46
Let c(l) = -2*l**3 + 186*l**2 + 1175*l + 481. Determine c(99).
-806
Let j(d) = -d**3 - 52*d**2 - 66*d - 205. Calculate j(-51).
560
Let t(c) = 41*c**2 + 50778*c - 26036. What is t(-1239)?
-17
Let z(h) = 13*h**2 - 595*h - 606. What is z(47)?
146
Let u(s) = -3445*s + 140770. What is u(41)?
-475
Let l(m) = -m**3 - 65*m**2 - 1210*m - 84212. Give l(-66).
4
Let x(o) = -92*o + 8. Determine x(-14).
1296
Let x(r) = 5*r**3 + 191*r**2 + 9*r - 861. What is x(-38)?
241
Let i(u) = -4634*u + 236324. Calculate i(51).
-10
Let t(u) = -496*u - 118484. Calculate t(-238).
-436
Let k(q) = -2*q**2 + 278*q - 9342. What is k(57)?
6
Let l(p) = -887*p + 25661. Calculate l(29).
-62
Let h(t) = 5305*t + 48946. Give h(-9).
1201
Let j(v) = 19*v**3 + 268*v**2 + 42*v + 202. Give j(-14).
6
Let t(s) = s**2 - 404*s + 42358. Calculate t(254).
4258
Let l(s) = 739*s + 5199. What is l(-7)?
26
Let d(o) = 3*o**2 + 1023*o - 1028. Give d(1).
-2
Let j(u) = 74*u**2 + 2298*u + 129. What is j(-31)?
5
Let u(n) = n**3 - 99*n**2 + 993*n - 2209. Give u(88).
-9
Let r(n) = 176*n - 202. Determine r(-2).
-554
Let n(b) = -2*b**2 + 295*b + 4375. Give n(-14).
-147
Let g(d) = -2*d**3 - 310*d**2 - 9*d - 1372. Determine g(-155).
23
Let s(w) = -7*w**3 + 11*w**2 - 6*w + 259. Give s(0).
259
Let z(x) = -225*x + 25031. What is z(111)?
56
Let b(o) = -8093*o + 16183. What is b(2)?
-3
Let r(z) = -471*z + 24505. What is r(52)?
13
Let p(c) = -c**3 - 53*c**2 + 27*c + 293. Calculate p(-53).
-1138
Let n(y) = 11*y + 1133. Give n(-103).
0
Let w(t) = -t**3 + 35*t**2 - 104*t + 191. Give w(31).
811
Let h(u) = 208*u - 19649. Calculate h(95).
111
Let k(q) = q**2 - 825*q + 168501. Calculate k(453).
-15
Let t(c) = 30*c**3 + 4798*c**2 - 241*c + 12701. Give t(-160).
61
Let k(b) = 63652*b - 318269. Determine k(5).
-9
Let x(w) = -2*w**3 - 161*w**2 + 2231*w + 174150. What is x(-81)?
0
Let h(m) = 1402*m - 135344. Determine h(96).
-752
Let b(t) = 8314*t - 41748. Calculate b(5).
-178
Let z(x) = x**3 + 37*x**2 + 98*x + 37. Calculate z(-34).
173
Let r(s) = 700*s - 3442. Calculate r(5).
58
Let b(i) = -5*i**2 + 303*i - 177. What is b(60)?
3
Let z(t) = -21*t**2 - 2454*t - 70494. Give z(-66).
-6
Let n(y) = -813*y**2 - 11818*y - 24. Determine n(-15).
-5679
Let i(j) = -12*j**2 - 810*j - 1982. Determine i(-65).
-32
Le